 by 20?
3
What is the remainder when 71859 is divided by 659?
28
Calculate the remainder when 37212 is divided by 157.
3
Calculate the remainder when 40750 is divided by 28.
10
Calculate the remainder when 158822 is divided by 293.
16
Calculate the remainder when 496944 is divided by 496935.
9
What is the remainder when 7488 is divided by 3740?
8
What is the remainder when 123110 is divided by 41021?
47
What is the remainder when 76719 is divided by 1421?
1406
What is the remainder when 269614 is divided by 34?
28
What is the remainder when 304594 is divided by 14?
10
What is the remainder when 8166 is divided by 56?
46
Calculate the remainder when 410287 is divided by 296.
31
Calculate the remainder when 224365 is divided by 39.
37
Calculate the remainder when 1335435 is divided by 878.
875
Calculate the remainder when 32121 is divided by 150.
21
What is the remainder when 64220 is divided by 12831?
65
What is the remainder when 4278 is divided by 6?
0
What is the remainder when 12872 is divided by 1958?
1124
What is the remainder when 15868 is divided by 42?
34
What is the remainder when 3957498 is divided by 10?
8
Calculate the remainder when 4347113 is divided by 9.
5
What is the remainder when 832 is divided by 168?
160
What is the remainder when 43760 is divided by 662?
68
What is the remainder when 19113 is divided by 324?
321
What is the remainder when 32058 is divided by 1349?
1031
What is the remainder when 2019 is divided by 47?
45
What is the remainder when 10040 is divided by 43?
21
What is the remainder when 1919 is divided by 394?
343
What is the remainder when 5181 is divided by 618?
237
Calculate the remainder when 1530237 is divided by 480.
477
What is the remainder when 161869 is divided by 67?
64
Calculate the remainder when 574223 is divided by 26.
13
What is the remainder when 403435 is divided by 53?
52
Calculate the remainder when 394224 is divided by 406.
404
Calculate the remainder when 1001025 is divided by 701.
698
What is the remainder when 1008404 is divided by 7817?
11
Calculate the remainder when 3484354 is divided by 55.
49
Calculate the remainder when 71708 is divided by 42.
14
What is the remainder when 7216 is divided by 922?
762
What is the remainder when 148881 is divided by 296?
289
What is the remainder when 284510 is divided by 252?
2
What is the remainder when 296 is divided by 77?
65
Calculate the remainder when 223110 is divided by 10140.
30
Calculate the remainder when 7281 is divided by 30.
21
Calculate the remainder when 6219 is divided by 564.
15
Calculate the remainder when 123228 is divided by 747.
720
What is the remainder when 3543 is divided by 176?
23
Calculate the remainder when 1258863 is divided by 85.
13
Calculate the remainder when 524155 is divided by 11.
5
Calculate the remainder when 2137 is divided by 358.
347
Calculate the remainder when 361903 is divided by 36.
31
What is the remainder when 223428 is divided by 221?
218
Calculate the remainder when 26668 is divided by 305.
133
Calculate the remainder when 24196 is divided by 21.
4
Calculate the remainder when 28418 is divided by 466.
458
What is the remainder when 18972 is divided by 2934?
1368
Calculate the remainder when 346517 is divided by 100.
17
What is the remainder when 7223 is divided by 26?
21
What is the remainder when 399 is divided by 265?
134
Calculate the remainder when 61726 is divided by 17.
16
What is the remainder when 43179 is divided by 14316?
231
What is the remainder when 2954 is divided by 275?
204
Calculate the remainder when 32471 is divided by 32462.
9
What is the remainder when 1577681 is divided by 391?
387
Calculate the remainder when 1086621 is divided by 362205.
6
What is the remainder when 2800 is divided by 676?
96
What is the remainder when 29113 is divided by 133?
119
What is the remainder when 101754 is divided by 101750?
4
Calculate the remainder when 267782 is divided by 245.
242
Calculate the remainder when 9013 is divided by 32.
21
Calculate the remainder when 219512 is divided by 66.
62
Calculate the remainder when 1316 is divided by 537.
242
What is the remainder when 176435 is divided by 338?
337
What is the remainder when 4480 is divided by 426?
220
Calculate the remainder when 76651 is divided by 227.
152
Calculate the remainder when 2063 is divided by 120.
23
What is the remainder when 15041 is divided by 88?
81
What is the remainder when 17941 is divided by 133?
119
Calculate the remainder when 11915 is divided by 186.
11
Calculate the remainder when 2605 is divided by 862.
19
What is the remainder when 4786 is divided by 1381?
643
What is the remainder when 22071 is divided by 111?
93
What is the remainder when 22849 is divided by 1377?
817
Calculate the remainder when 13246 is divided by 4402.
40
Calculate the remainder when 955925 is divided by 277.
275
Calculate the remainder when 73410 is divided by 14.
8
What is the remainder when 6214 is divided by 3107?
0
Calculate the remainder when 2714 is divided by 2673.
41
What is the remainder when 1579 is divided by 148?
99
What is the remainder when 83418 is divided by 20?
18
Calculate the remainder when 58098 is divided by 9681.
12
Calculate the remainder when 6866 is divided by 83.
60
Calculate the remainder when 19387 is divided by 294.
277
What is the remainder when 18168 is divided by 7?
3
Calculate the remainder when 3712 is divided by 3712.
0
What is the remainder when 1676295 is divided by 33?
27
Calculate the remainder when 20750 is divided by 3455.
20
Calculate the remainder when 1435 is divided by 175.
35
What is the remainder when 386708 is divided by 21?
14
What is the remainder when 8876 is divided by 192?
44
What is the remainder when 10496 is divided by 97?
20
What is the remainder when 204780 is divided by 634?
632
Calculate the remainder when 55818 is divided by 564.
546
Calculate the remainder when 17434 is divided by 5806.
16
Calculate the remainder when 852764 is divided by 1269.
1265
Calculate the remainder when 292779 is divided by 39.
6
Calculate the remainder when 177 is divided by 69.
39
What is the remainder when 4397 is divided by 100?
97
What is the remainder when 27443 is divided by 63?
38
Calculate the remainder when 5366105 is divided by 242.
239
What is the remainder when 4166 is divided by 827?
31
Calculate the remainder when 107890 is divided by 384.
370
Calculate the remainder when 2909 is divided by 65.
49
What is the remainder when 38414 is divided by 112?
110
What is the remainder when 1339 is divided by 270?
259
What is the remainder when 383 is divided by 257?
126
What is the remainder when 5276 is divided by 311?
300
Calculate the remainder when 38580 is divided by 64.
52
What is the remainder when 2310 is divided by 226?
50
Calculate the remainder when 4042 is divided by 672.
10
Calculate the remainder when 2030559 is divided by 74.
73
What is the remainder when 6578 is divided by 19?
4
Calculate the remainder when 3699 is divided by 1766.
167
Calculate the remainder when 1427007 is divided by 438.
3
What is the remainder when 243 is divided by 99?
45
What is the remainder when 35549 is divided by 37?
29
Calculate the remainder when 4098 is divided by 103.
81
What is the remainder when 723478 is divided by 723477?
1
What is the remainder when 91492 is divided by 1760?
1732
What is the remainder when 92657 is divided by 401?
26
Calculate the remainder when 4346 is divided by 29.
25
What is the remainder when 5178 is divided by 94?
8
What is the remainder when 16917 is divided by 120?
117
Calculate the remainder when 4014 is divided by 4007.
7
Calculate the remainder when 71043 is divided by 17730.
123
Calculate the remainder when 6723880 is divided by 21.
16
Calculate the remainder when 561437 is divided by 464.
461
What is the remainder when 1074 is divided by 1046?
28
What is the remainder when 4802 is divided by 454?
262
Calculate the remainder when 4513 is divided by 899.
18
Calculate the remainder when 262721 is divided by 44.
41
Calculate the remainder when 21562 is divided by 2395.
7
Calculate the remainder when 16730 is divided by 1126.
966
What is the remainder when 144370 is divided by 175?
170
Calculate the remainder when 535093 is divided by 104.
13
What is the remainder when